{"id":12,"date":"2023-11-04T16:36:59","date_gmt":"2023-11-04T16:36:59","guid":{"rendered":"https:\/\/jogaafaalatt.hu\/?page_id=12"},"modified":"2025-10-25T16:03:39","modified_gmt":"2025-10-25T16:03:39","slug":"fooldal","status":"publish","type":"page","link":"https:\/\/jogaafaalatt.hu\/","title":{"rendered":"F\u0151oldal"},"content":{"rendered":"<div class=\"et_pb_section_0 et_pb_section et_section_regular et_block_section\"><div class=\"et_pb_row_0 et_pb_row et_block_row\"><div class=\"et_pb_column_0 et_pb_column et_pb_column_1_2 et_block_column et_pb_css_mix_blend_mode_passthrough\"><div class=\"et_pb_text_0 et_pb_text et_pb_bg_layout_light et_pb_module et_flex_module\"><div class=\"et_pb_text_inner\"><h1>J\u00f3ga G\u00f6d\u00f6ll\u0151n\u00a0<\/h1>\n<div dir=\"auto\">H\u00e9tf\u0151nk\u00e9nt \u00e9s p\u00e9nteken tal\u00e1lkozhatunk G\u00f6d\u00f6ll\u0151 gy\u00f6ny\u00f6r\u0171 szolg\u00e1ltat\u00f3 term\u00e9ben a Zen-Zone st\u00fadi\u00f3ban.<\/div>\n<div dir=\"auto\">Ha j\u00f6nn\u00e9l, k\u00e9rlek jelezd!<\/div>\n<\/div><\/div><div class=\"et_pb_module et_pb_button_module_wrapper et_pb_button_0_wrapper\"><a class=\"et_pb_button_0 et_pb_button et_pb_bg_layout_light et_pb_module et_flex_module\" href=\"https:\/\/zen-zone.motibro.com\/home\" target=\"_blank\">Jelentkez\u00e9s<\/a><\/div><\/div><div class=\"et_pb_column_1 et_pb_column et_pb_column_1_2 et-last-child et_block_column et_pb_css_mix_blend_mode_passthrough\"><div class=\"et_pb_image_0 et_pb_image et_pb_module et_flex_module\"><span class=\"et_pb_image_wrap\"><img loading=\"lazy\" decoding=\"async\" src=\"https:\/\/jogaafaalatt.hu\/wp-content\/uploads\/2023\/11\/yoga-instrcutor_80.jpg\" width=\"800\" height=\"533\" srcset=\"https:\/\/jogaafaalatt.hu\/wp-content\/uploads\/2023\/11\/yoga-instrcutor_80.jpg 800w, https:\/\/jogaafaalatt.hu\/wp-content\/uploads\/2023\/11\/yoga-instrcutor_80-480x320.jpg 480w\" sizes=\"(min-width: 0px) and (max-width: 480px) 480px, (min-width: 481px) 800px, 100vw\" class=\"wp-image-16\" \/><\/span><\/div><\/div><\/div><div class=\"et_pb_row_1 et_pb_row et_block_row\"><div class=\"et_pb_column_2 et_pb_column et_pb_column_1_3 et_block_column et_pb_column_empty et_pb_css_mix_blend_mode_passthrough\"><\/div><div class=\"et_pb_column_3 et_pb_column et_pb_column_1_3 et_block_column et_pb_css_mix_blend_mode_passthrough\"><div class=\"et_pb_divider_0 et_pb_divider et_pb_space et_pb_divider_position_top et_pb_module\"><div class=\"et_pb_divider_internal\"><\/div><\/div><div class=\"et_pb_text_1 et_pb_text et_pb_bg_layout_light et_pb_module et_flex_module\"><div class=\"et_pb_text_inner\"><h3><span>Ha kikapcsoln\u00e1l picit \u00edgy h\u00e9tkezd\u00e9s ut\u00e1n, ha \u00fagy \u00e9rzed, kell egy kis t\u00f6r\u0151d\u00e9s \u00e9s \u00e9nid\u0151, tal\u00e1lkozzunk a matracon!<\/span><br \/>H\u00f6lgyeket \u00e9s urakat is v\u00e1rok az \u00f3r\u00e1mon<\/h3>\n<\/div><\/div><\/div><div class=\"et_pb_column_4 et_pb_column et_pb_column_1_3 et-last-child et_block_column et_pb_column_empty et_pb_css_mix_blend_mode_passthrough\"><\/div><\/div><\/div><div class=\"et_pb_section_1 et_pb_section et_section_regular et_block_section\"><div class=\"et_pb_row_2 et_pb_row et_pb_gutters4 et_block_row\"><div class=\"et_pb_column_5 et_pb_column et_pb_column_2_3 et_block_column et_pb_css_mix_blend_mode_passthrough\"><div class=\"et_pb_image_1 et_pb_image et_pb_module et_flex_module\"><span class=\"et_pb_image_wrap\"><img loading=\"lazy\" decoding=\"async\" src=\"https:\/\/jogaafaalatt.hu\/wp-content\/uploads\/2023\/11\/yoga-instrcutor_06.jpg\" width=\"400\" height=\"400\" srcset=\"https:\/\/jogaafaalatt.hu\/wp-content\/uploads\/2023\/11\/yoga-instrcutor_06.jpg 400w, https:\/\/jogaafaalatt.hu\/wp-content\/uploads\/2023\/11\/yoga-instrcutor_06-300x300.jpg 300w, https:\/\/jogaafaalatt.hu\/wp-content\/uploads\/2023\/11\/yoga-instrcutor_06-150x150.jpg 150w\" sizes=\"(max-width: 400px) 100vw, 400px\" class=\"wp-image-18\" \/><\/span><\/div><div class=\"et_pb_divider_1 et_pb_divider et_pb_space et_pb_divider_position_center et_pb_module\"><div class=\"et_pb_divider_internal\"><\/div><\/div><div class=\"et_pb_text_2 et_pb_text et_pb_bg_layout_light et_pb_module et_flex_module\"><div class=\"et_pb_text_inner\"><h4>A matracod nem sz\u00ednpad. A j\u00f3ga\u00f3ra nem bemutat\u00f3. A gyakorl\u00e1sod csak magadnak sz\u00f3l.<\/h4>\n<p>&nbsp;<\/p>\n<\/div><\/div><div class=\"et_pb_image_2 et_pb_image et_pb_module et_flex_module\"><span class=\"et_pb_image_wrap\"><img loading=\"lazy\" decoding=\"async\" src=\"https:\/\/jogaafaalatt.hu\/wp-content\/uploads\/2023\/11\/yoga-instrcutor_81.jpg\" width=\"400\" height=\"410\" srcset=\"https:\/\/jogaafaalatt.hu\/wp-content\/uploads\/2023\/11\/yoga-instrcutor_81.jpg 400w, https:\/\/jogaafaalatt.hu\/wp-content\/uploads\/2023\/11\/yoga-instrcutor_81-293x300.jpg 293w\" sizes=\"(max-width: 400px) 100vw, 400px\" class=\"wp-image-19\" \/><\/span><\/div><\/div><div class=\"et_pb_column_6 et_pb_column et_pb_column_1_3 et-last-child et_block_column et_pb_css_mix_blend_mode_passthrough\"><div class=\"et_pb_text_3 et_pb_text et_pb_bg_layout_dark et_pb_module et_flex_module\"><div class=\"et_pb_text_inner\"><h3>Mire sz\u00e1m\u00edthatsz az \u00f3r\u00e1n?\u00a0<\/h3>\n<p>Agg\u00f3dsz, hogy a j\u00f3ga csak csajoknak val\u00f3, vagy hogy nem vagy el\u00e9g hajl\u00e9kony, vagy hogy az inst\u00e1n nem pont olyanok a j\u00f3gik, mint te? Felesleges.<\/p>\n<\/div><\/div><div class=\"et_pb_text_4 et_pb_text et_pb_bg_layout_light et_pb_module et_flex_module\"><div class=\"et_pb_text_inner\"><p>A tradicion\u00e1lis hatha \u00f3r\u00e1kat tartok els\u0151sorban, amik nem ig\u00e9nyelnek el\u0151k\u00e9pzetts\u00e9get, csatlakozhatsz hozz\u00e1nk akkor is, ha m\u00e9g sosem j\u00f3g\u00e1zt\u00e1l. Nem fontos, hogy milyen nem\u0171 vagy, az sem, hogy h\u00e1ny kil\u00f3, \u00e9s m\u00e9g hajl\u00e9konynak sem kell lenned. Csak az fontos, hogy megtetted ezt a fontos l\u00e9p\u00e9st magad fel\u00e9, hogy elj\u00f6tt\u00e9l az \u00f3r\u00e1ra, \u00e9s ha m\u00e1r ott vagy, akkor koncentr\u00e1ltan veszel r\u00e9szt rajta.\u00a0<\/p>\n<\/div><\/div><\/div><\/div><\/div><div class=\"et_pb_section_2 et_pb_section et_section_regular et_block_section\"><div class=\"et_pb_row_3 et_pb_row et_block_row\"><div class=\"et_pb_column_7 et_pb_column et_pb_column_1_2 et_block_column et_pb_css_mix_blend_mode_passthrough\"><div class=\"et_pb_text_5 et_pb_text et_pb_bg_layout_light et_pb_module et_flex_module\"><div class=\"et_pb_text_inner\"><h2>Foglalkoz\u00e1sok<\/h2>\n<\/div><\/div><\/div><div class=\"et_pb_column_8 et_pb_column et_pb_column_1_2 et-last-child et_block_column et_pb_css_mix_blend_mode_passthrough\"><div class=\"et_pb_blurb_0 et_pb_blurb et_pb_bg_layout_light et_pb_text_align_center et_pb_blurb_position_top et_pb_module et_flex_module\"><div class=\"et_pb_blurb_content et_flex_module\"><div class=\"et_pb_main_blurb_image\"><span class=\"et_pb_image_wrap et_pb_only_image_mode_wrap\"><img loading=\"lazy\" decoding=\"async\" src=\"https:\/\/jogaafaalatt.hu\/wp-content\/uploads\/2023\/11\/yoga-instrcutor_82.jpg\" width=\"400\" height=\"411\" srcset=\"https:\/\/jogaafaalatt.hu\/wp-content\/uploads\/2023\/11\/yoga-instrcutor_82.jpg 400w, https:\/\/jogaafaalatt.hu\/wp-content\/uploads\/2023\/11\/yoga-instrcutor_82-292x300.jpg 292w\" sizes=\"(max-width: 400px) 100vw, 400px\" class=\"et-waypoint et_pb_animation_top et_pb_animation_top_tablet et_pb_animation_top_phone wp-image-20\" \/><\/span><\/div><div class=\"et_pb_blurb_container\"><\/div><\/div><\/div><div class=\"et_pb_divider_2 et_pb_divider et_pb_space et_pb_divider_position_bottom et_pb_module\"><div class=\"et_pb_divider_internal\"><\/div><\/div><\/div><\/div><div class=\"et_pb_row_4 et_pb_row et_block_row\"><div class=\"et_pb_column_9 et_pb_column et_pb_column_1_3 et_block_column et_pb_css_mix_blend_mode_passthrough\"><div class=\"et_pb_blurb_1 et_pb_blurb et_pb_bg_layout_light et_pb_blurb_position_top et_pb_module et_flex_module\"><div class=\"et_pb_blurb_content et_flex_module\"><div class=\"et_pb_main_blurb_image\"><span class=\"et_pb_image_wrap et_pb_only_image_mode_wrap\"><img loading=\"lazy\" decoding=\"async\" src=\"https:\/\/jogaafaalatt.hu\/wp-content\/uploads\/2023\/11\/yoga-instructor-icon-12-black.png\" width=\"48\" height=\"48\" sizes=\"(max-width: 48px) 100vw, 48px\" class=\"et-waypoint et_pb_animation_top et_pb_animation_top_tablet et_pb_animation_top_phone wp-image-21\" \/><\/span><\/div><div class=\"et_pb_blurb_container\"><h3 class=\"et_pb_module_header\">Csoportos \u00f3ra minden h\u00e9tf\u0151n \u00e9s p\u00e9nteken<\/h3><div class=\"et_pb_blurb_description\"><p>h\u00e9tf\u0151n 8:00-t\u00f3l \u00a0este 19.15-t\u0151l<\/p>\n<p>p\u00e9nteken reggel 8:00-t\u00f3l \u00a0<\/p>\n<p>a Zen Zone-ban<\/p>\n<\/div><\/div><\/div><\/div><div class=\"et_pb_module et_pb_button_module_wrapper et_pb_button_1_wrapper\"><a class=\"et_pb_button_1 et_pb_button et_pb_bg_layout_light et_pb_module et_flex_module\" href=\"https:\/\/zen-zone.motibro.com\/home\" target=\"_blank\">Jelentkezem<\/a><\/div><\/div><div class=\"et_pb_column_10 et_pb_column et_pb_column_1_3 et_block_column et_pb_css_mix_blend_mode_passthrough\"><div class=\"et_pb_blurb_2 et_pb_blurb et_pb_bg_layout_light et_pb_blurb_position_top et_pb_module et_flex_module\"><div class=\"et_pb_blurb_content et_flex_module\"><div class=\"et_pb_main_blurb_image\"><span class=\"et_pb_image_wrap et_pb_only_image_mode_wrap\"><img loading=\"lazy\" decoding=\"async\" src=\"https:\/\/jogaafaalatt.hu\/wp-content\/uploads\/2023\/11\/yoga-instructor-icon-5-black.png\" width=\"48\" height=\"48\" sizes=\"(max-width: 48px) 100vw, 48px\" class=\"et-waypoint et_pb_animation_top et_pb_animation_top_tablet et_pb_animation_top_phone wp-image-22\" \/><\/span><\/div><div class=\"et_pb_blurb_container\"><h3 class=\"et_pb_module_header\">Egy\u00e9ni \u00f3r\u00e1k<\/h3><div class=\"et_pb_blurb_description\"><p>Amikor csak te j\u00f6nn\u00e9l <br \/>Egyedi ig\u00e9ny alapj\u00e1n..<\/p>\n<\/div><\/div><\/div><\/div><div class=\"et_pb_module et_pb_button_module_wrapper et_pb_button_2_wrapper\"><a class=\"et_pb_button_2 et_pb_button et_pb_bg_layout_light et_pb_module et_flex_module\" href=\"https:\/\/jogaafaalatt.hu\/index.php\/kapcsolat\/\">Jelentkezem<\/a><\/div><\/div><div class=\"et_pb_column_11 et_pb_column et_pb_column_1_3 et-last-child et_block_column et_pb_css_mix_blend_mode_passthrough\"><div class=\"et_pb_image_3 et_pb_image et_pb_module et_flex_module\"><span class=\"et_pb_image_wrap\"><img loading=\"lazy\" decoding=\"async\" src=\"https:\/\/jogaafaalatt.hu\/wp-content\/uploads\/2023\/11\/yoga-instrcutor_83.jpg\" width=\"400\" height=\"421\" srcset=\"https:\/\/jogaafaalatt.hu\/wp-content\/uploads\/2023\/11\/yoga-instrcutor_83.jpg 400w, https:\/\/jogaafaalatt.hu\/wp-content\/uploads\/2023\/11\/yoga-instrcutor_83-285x300.jpg 285w\" sizes=\"(max-width: 400px) 100vw, 400px\" class=\"wp-image-23\" \/><\/span><\/div><\/div><\/div><\/div><div class=\"et_pb_section_3 et_pb_section et_section_regular et_block_section\"><div class=\"et_pb_row_5 et_pb_row et_block_row\"><div class=\"et_pb_column_12 et_pb_column et_pb_column_1_2 et_block_column et_pb_css_mix_blend_mode_passthrough\"><div class=\"et_pb_image_4 et_pb_image et_pb_module et_flex_module\"><span class=\"et_pb_image_wrap\"><img loading=\"lazy\" decoding=\"async\" src=\"https:\/\/jogaafaalatt.hu\/wp-content\/uploads\/2023\/11\/yoga-instructor_94.jpg\" width=\"600\" height=\"792\" srcset=\"https:\/\/jogaafaalatt.hu\/wp-content\/uploads\/2023\/11\/yoga-instructor_94.jpg 600w, https:\/\/jogaafaalatt.hu\/wp-content\/uploads\/2023\/11\/yoga-instructor_94-480x634.jpg 480w\" sizes=\"(min-width: 0px) and (max-width: 480px) 480px, (min-width: 481px) 600px, 100vw\" class=\"wp-image-28\" \/><\/span><\/div><\/div><div class=\"et_pb_column_13 et_pb_column et_pb_column_1_2 et-last-child et_block_column et_pb_css_mix_blend_mode_passthrough\"><div class=\"et_pb_image_5 et_pb_image et_pb_module et_flex_module\"><span class=\"et_pb_image_wrap\"><img loading=\"lazy\" decoding=\"async\" src=\"https:\/\/jogaafaalatt.hu\/wp-content\/uploads\/2023\/11\/yoga-instructor-icon-10-black.png\" width=\"48\" height=\"48\" sizes=\"(max-width: 48px) 100vw, 48px\" class=\"wp-image-29\" \/><\/span><\/div><div class=\"et_pb_text_6 et_pb_text et_pb_bg_layout_light et_pb_module et_flex_module\"><div class=\"et_pb_text_inner\"><h2>J\u00f3gat\u00e1bor<\/h2>\n<p>&nbsp;<\/p>\n<\/div><\/div><div class=\"et_pb_module et_pb_button_module_wrapper et_pb_button_3_wrapper\"><a class=\"et_pb_button_3 et_pb_button et_pb_bg_layout_light et_pb_module et_flex_module\" href=\"https:\/\/jogaafaalatt.hu\/index.php\/kapcsolat\/\">Foglald le a helyed<\/a><\/div><\/div><\/div><\/div><div class=\"et_pb_section_4 et_pb_section et_section_regular et_block_section\"><div class=\"et_pb_row_6 et_pb_row et_block_row\"><div class=\"et_pb_column_14 et_pb_column et_pb_column_1_2 et_block_column et_pb_css_mix_blend_mode_passthrough\"><div class=\"et_pb_text_7 et_pb_text et_pb_bg_layout_dark et_pb_module et_flex_module\"><div class=\"et_pb_text_inner\"><h6>K\u00f6vess be!<\/h6>\n<\/div><\/div><ul class=\"et_pb_social_media_follow_0 et_pb_social_media_follow clearfix et_pb_bg_layout_light et_pb_module et_flex_module\"><li class=\"et_pb_social_media_follow_network_0 et_pb_social_media_follow_network et_pb_social_icon et_pb_social_network_link et-social-facebook et_pb_module et_flex_module\"><a href=\"https:\/\/www.facebook.com\/profile.php?id=61552942296366\" class=\"icon\" target=\"_self\" title=\"Follow on Facebook\" rel=\"noopener\"><span class=\"et_pb_social_media_follow_network_name\">Follow<\/span><\/a><\/li><li class=\"et_pb_social_media_follow_network_1 et_pb_social_media_follow_network et_pb_social_icon et_pb_social_network_link et-social-instagram et_pb_module et_flex_module\"><a href=\"https:\/\/www.instagram.com\/joga_a_fa_alatt\/\" class=\"icon\" target=\"_self\" title=\"Follow on Instagram\" rel=\"noopener\"><span class=\"et_pb_social_media_follow_network_name\">Follow<\/span><\/a><\/li><\/ul><\/div><div class=\"et_pb_column_15 et_pb_column et_pb_column_1_2 et-last-child et_block_column et_pb_column_empty et_pb_css_mix_blend_mode_passthrough\"><\/div><\/div><div class=\"et_pb_row_7 et_pb_row et_block_row\"><div class=\"et_pb_column_16 et_pb_column et_pb_column_1_3 et_block_column et_pb_css_mix_blend_mode_passthrough\"><div class=\"et_pb_text_8 et_pb_text et_pb_bg_layout_dark et_pb_module et_flex_module\"><div class=\"et_pb_text_inner\"><h6>Foglalkoz\u00e1sok<\/h6>\n<p>H\u00e9tf\u0151: 8 :00, 19:15<\/p>\n<p>P\u00e9ntek: 8:00<\/p>\n<\/div><\/div><\/div><div class=\"et_pb_column_17 et_pb_column et_pb_column_1_3 et_block_column et_pb_css_mix_blend_mode_passthrough\"><div class=\"et_pb_text_9 et_pb_text et_pb_bg_layout_dark et_pb_module et_flex_module\"><div class=\"et_pb_text_inner\"><h6>C\u00edm<\/h6>\n<p>Zen Zone St\u00fadi\u00f3<\/p>\n<p><span>2100 G\u00d6D\u00d6LL\u0150, REMSEY J. KRT. 15.<\/span><\/p>\n<\/div><\/div><\/div><div class=\"et_pb_column_18 et_pb_column et_pb_column_1_3 et-last-child et_block_column et_pb_css_mix_blend_mode_passthrough\"><div class=\"et_pb_text_10 et_pb_text et_pb_bg_layout_dark et_pb_module et_flex_module\"><div class=\"et_pb_text_inner\"><h6>Email<\/h6>\n<p>jogaafaalatt@gmail.com<\/p>\n<\/div><\/div><\/div><\/div><\/div>","protected":false},"excerpt":{"rendered":"","protected":false},"author":1,"featured_media":0,"parent":0,"menu_order":0,"comment_status":"closed","ping_status":"closed","template":"","meta":{"footnotes":""},"class_list":["post-12","page","type-page","status-publish","hentry"],"_links":{"self":[{"href":"https:\/\/jogaafaalatt.hu\/index.php\/wp-json\/wp\/v2\/pages\/12","targetHints":{"allow":["GET"]}}],"collection":[{"href":"https:\/\/jogaafaalatt.hu\/index.php\/wp-json\/wp\/v2\/pages"}],"about":[{"href":"https:\/\/jogaafaalatt.hu\/index.php\/wp-json\/wp\/v2\/types\/page"}],"author":[{"embeddable":true,"href":"https:\/\/jogaafaalatt.hu\/index.php\/wp-json\/wp\/v2\/users\/1"}],"replies":[{"embeddable":true,"href":"https:\/\/jogaafaalatt.hu\/index.php\/wp-json\/wp\/v2\/comments?post=12"}],"version-history":[{"count":30,"href":"https:\/\/jogaafaalatt.hu\/index.php\/wp-json\/wp\/v2\/pages\/12\/revisions"}],"predecessor-version":[{"id":364,"href":"https:\/\/jogaafaalatt.hu\/index.php\/wp-json\/wp\/v2\/pages\/12\/revisions\/364"}],"wp:attachment":[{"href":"https:\/\/jogaafaalatt.hu\/index.php\/wp-json\/wp\/v2\/media?parent=12"}],"curies":[{"name":"wp","href":"https:\/\/api.w.org\/{rel}","templated":true}]}}